{"id":977,"date":"2025-05-16T07:12:59","date_gmt":"2025-05-16T07:12:59","guid":{"rendered":"https:\/\/livpedersen.de\/?page_id=977"},"modified":"2026-07-30T10:35:57","modified_gmt":"2026-07-30T10:35:57","slug":"vor-meiner-tuer-2025","status":"publish","type":"page","link":"https:\/\/livpedersen.de\/en\/vor-meiner-tuer-2025","title":{"rendered":"in front of my doorstep 2025"},"content":{"rendered":"<p class=\"wp-block-paragraph\"><strong>annual exhibition BBK Hamburg (Professional Association of Visual Artists Hamburg), Kunsthaus Hamburg, 2025<\/strong><\/p>\n\n\n\n<p class=\"wp-block-paragraph\">What is happening right on my doorstep? Not somewhere else, not at some point in the future but right here and now. This year\u2019s annual exhibition by the BBK Hamburg showcases what artists in the city observe in the media and in their immediate surroundings and what inspires them to reflect. <\/p>\n\n\n\n<p class=\"wp-block-paragraph\">(source: website Kunsthaus Hamburg, link: <a href=\"https:\/\/kunsthaushamburg.de\/vor-meiner-tuer\/\">https:\/\/kunsthaushamburg.de\/vor-meiner-tuer\/<\/a>)<\/p>\n\n\n\n<div style=\"height:30px\" aria-hidden=\"true\" class=\"wp-block-spacer\"><\/div>\n\n\n\n<div class=\"wp-block-columns is-layout-flex wp-container-core-columns-is-layout-79fb870f wp-block-columns-is-layout-flex\">\n<div class=\"wp-block-column is-layout-flow wp-block-column-is-layout-flow\">\n<figure class=\"wp-block-image alignleft size-large wp-duotone-unset-1\"><img loading=\"lazy\" decoding=\"async\" width=\"647\" height=\"1024\" src=\"https:\/\/livpedersen.de\/wp-content\/uploads\/2026\/07\/250217_174_KH_BBK_VormeinerTuercAS_Ausschnitt-647x1024.jpg\" alt=\"\" class=\"wp-image-1197\" srcset=\"https:\/\/livpedersen.de\/wp-content\/uploads\/2026\/07\/250217_174_KH_BBK_VormeinerTuercAS_Ausschnitt-647x1024.jpg 647w, https:\/\/livpedersen.de\/wp-content\/uploads\/2026\/07\/250217_174_KH_BBK_VormeinerTuercAS_Ausschnitt-190x300.jpg 190w, https:\/\/livpedersen.de\/wp-content\/uploads\/2026\/07\/250217_174_KH_BBK_VormeinerTuercAS_Ausschnitt-768x1215.jpg 768w, https:\/\/livpedersen.de\/wp-content\/uploads\/2026\/07\/250217_174_KH_BBK_VormeinerTuercAS_Ausschnitt-971x1536.jpg 971w, https:\/\/livpedersen.de\/wp-content\/uploads\/2026\/07\/250217_174_KH_BBK_VormeinerTuercAS_Ausschnitt-8x12.jpg 8w, https:\/\/livpedersen.de\/wp-content\/uploads\/2026\/07\/250217_174_KH_BBK_VormeinerTuercAS_Ausschnitt.jpg 1000w\" sizes=\"auto, (max-width: 647px) 100vw, 647px\" \/><figcaption class=\"wp-element-caption\">Liv Pedersen, <em>something puts itself into context <\/em>(2022), mixed media <br>installation view: annual exhibition of Professional Association of Visual Artists Hamburg 2025, Photo (detail): Antje Sauer<\/figcaption><\/figure>\n\n\n\n<p class=\"wp-block-paragraph\"><\/p>\n<\/div>\n\n\n\n<div class=\"wp-block-column is-layout-flow wp-block-column-is-layout-flow\">\n<figure class=\"wp-block-image size-full wp-duotone-unset-2\"><img loading=\"lazy\" decoding=\"async\" width=\"1000\" height=\"668\" src=\"https:\/\/livpedersen.de\/wp-content\/uploads\/2026\/07\/250217_081_KH_BBK_VormeinerTuercAS_neu.jpg\" alt=\"\" class=\"wp-image-1198\" srcset=\"https:\/\/livpedersen.de\/wp-content\/uploads\/2026\/07\/250217_081_KH_BBK_VormeinerTuercAS_neu.jpg 1000w, https:\/\/livpedersen.de\/wp-content\/uploads\/2026\/07\/250217_081_KH_BBK_VormeinerTuercAS_neu-300x200.jpg 300w, https:\/\/livpedersen.de\/wp-content\/uploads\/2026\/07\/250217_081_KH_BBK_VormeinerTuercAS_neu-768x513.jpg 768w, https:\/\/livpedersen.de\/wp-content\/uploads\/2026\/07\/250217_081_KH_BBK_VormeinerTuercAS_neu-18x12.jpg 18w\" sizes=\"auto, (max-width: 1000px) 100vw, 1000px\" \/><figcaption class=\"wp-element-caption\">right: work of Liv Pedersen, <em>something puts itself into context<\/em> (2022) <br>installation view: annual exhibition of Professional Association of Visual Artists Hamburg 2025, Photo: Antje Sauer&nbsp;<\/figcaption><\/figure>\n\n\n\n<figure class=\"wp-block-image alignright size-large is-resized wp-duotone-unset-3\"><img loading=\"lazy\" decoding=\"async\" width=\"681\" height=\"1024\" src=\"https:\/\/livpedersen.de\/wp-content\/uploads\/2025\/07\/etwas-verhaelt-sich_2022_Detailansicht_Liv-Pedersen_klein-681x1024.jpg\" alt=\"\" class=\"wp-image-1001\" style=\"width:243px;height:auto\" srcset=\"https:\/\/livpedersen.de\/wp-content\/uploads\/2025\/07\/etwas-verhaelt-sich_2022_Detailansicht_Liv-Pedersen_klein-681x1024.jpg 681w, https:\/\/livpedersen.de\/wp-content\/uploads\/2025\/07\/etwas-verhaelt-sich_2022_Detailansicht_Liv-Pedersen_klein-199x300.jpg 199w, https:\/\/livpedersen.de\/wp-content\/uploads\/2025\/07\/etwas-verhaelt-sich_2022_Detailansicht_Liv-Pedersen_klein-768x1155.jpg 768w, https:\/\/livpedersen.de\/wp-content\/uploads\/2025\/07\/etwas-verhaelt-sich_2022_Detailansicht_Liv-Pedersen_klein.jpg 1000w\" sizes=\"auto, (max-width: 681px) 100vw, 681px\" \/><figcaption class=\"wp-element-caption\">detail <em>something puts itself into context<\/em> (2022) Foto: Liv Pedersen<\/figcaption><\/figure>\n<\/div>\n<\/div>\n\n\n\n<div class=\"wp-block-columns is-layout-flex wp-container-core-columns-is-layout-79fb870f wp-block-columns-is-layout-flex\">\n<div class=\"wp-block-column is-layout-flow wp-block-column-is-layout-flow\">\n<blockquote class=\"wp-block-quote is-layout-flow wp-block-quote-is-layout-flow\">\n<p class=\"wp-block-paragraph\">Liv Pedersen is interested in the little things IN FRONT OF and BEHIND the door. Scraps of material she has found, things that have been overlooked or discarded. The tiniest thing becomes worthy of representation. It is given a place. The work \"something puts itself into context\" invites the viewer to compare the forms. The small appears large, reminiscent of aerial photographs of landscapes. The objects become places and these are related to one another.\u00a0<\/p>\n\n\n\n<p class=\"has-small-font-size wp-block-paragraph\"><em>Dr. Franziska Storch (PhD in Art History, art educator, curator, author) \u201cin front of my doorstep\u201d opening speech at the Kunsthaus Hamburg, 14.02.2025\u00a0<\/em><\/p>\n<\/blockquote>\n<\/div>\n\n\n\n<div class=\"wp-block-column is-layout-flow wp-block-column-is-layout-flow\"><\/div>\n<\/div>\n\n\n\n<p class=\"wp-block-paragraph\"><\/p>","protected":false},"excerpt":{"rendered":"<p>Jahresausstellung Berufsverband Bildender K\u00fcnstler*innen (BBK) Hamburg, Kunsthaus Hamburg, 2025 Was passiert unmittelbar vor meiner eigenen T\u00fcr? Nicht irgendwo, nicht irgendwann, sondern hier und jetzt. Die diesj\u00e4hrige Jahresausstellung des BBK Hamburg zeigt, was K\u00fcnstler*innen der Stadt medial sowie in ihrer unmittelbaren Umgebung beobachten und was sie zum Nachdenken anregt. (Quelle: Website Kunsthaus Hamburg, Link: https:\/\/kunsthaushamburg.de\/vor-meiner-tuer\/) Liv [&hellip;]<\/p>\n","protected":false},"author":1,"featured_media":0,"parent":0,"menu_order":0,"comment_status":"closed","ping_status":"closed","template":"","meta":{"footnotes":""},"class_list":["post-977","page","type-page","status-publish","hentry"],"_links":{"self":[{"href":"https:\/\/livpedersen.de\/en\/wp-json\/wp\/v2\/pages\/977","targetHints":{"allow":["GET"]}}],"collection":[{"href":"https:\/\/livpedersen.de\/en\/wp-json\/wp\/v2\/pages"}],"about":[{"href":"https:\/\/livpedersen.de\/en\/wp-json\/wp\/v2\/types\/page"}],"author":[{"embeddable":true,"href":"https:\/\/livpedersen.de\/en\/wp-json\/wp\/v2\/users\/1"}],"replies":[{"embeddable":true,"href":"https:\/\/livpedersen.de\/en\/wp-json\/wp\/v2\/comments?post=977"}],"version-history":[{"count":20,"href":"https:\/\/livpedersen.de\/en\/wp-json\/wp\/v2\/pages\/977\/revisions"}],"predecessor-version":[{"id":1207,"href":"https:\/\/livpedersen.de\/en\/wp-json\/wp\/v2\/pages\/977\/revisions\/1207"}],"wp:attachment":[{"href":"https:\/\/livpedersen.de\/en\/wp-json\/wp\/v2\/media?parent=977"}],"curies":[{"name":"wp","href":"https:\/\/api.w.org\/{rel}","templated":true}]}}

<p>Jahresausstellung Berufsverband Bildender Künstler*innen (BBK) Hamburg, Kunsthaus Hamburg, 2025 Was passiert unmittelbar vor meiner eigenen Tür? Nicht irgendwo, nicht irgendwann, sondern hier und jetzt. Die diesjährige Jahresausstellung des BBK Hamburg zeigt, was Künstler*innen der Stadt medial sowie in ihrer unmittelbaren Umgebung beobachten und was sie zum Nachdenken anregt. (Quelle: Website Kunsthaus Hamburg, Link: https://kunsthaushamburg.de/vor-meiner-tuer/) Liv [&hellip;]</p>
